ctors of 3653359?
3653359
What are the prime factors of 19230543?
3, 109, 19603
What are the prime factors of 5622747?
3, 13, 144173
List the prime factors of 1723772.
2, 47, 53, 173
What are the prime factors of 516243?
3, 7, 13, 31, 61
List the prime factors of 5795804.
2, 7, 206993
What are the prime factors of 670505?
5, 11, 73, 167
What are the prime factors of 57141?
3, 7, 907
What are the prime factors of 19296028?
2, 53, 91019
List the prime factors of 1139674.
2, 37, 15401
List the prime factors of 252407.
173, 1459
What are the prime factors of 156038?
2, 61, 1279
List the prime factors of 45788.
2, 11447
What are the prime factors of 11995?
5, 2399
List the prime factors of 5779720.
2, 5, 131, 1103
What are the prime factors of 4199111?
7, 211, 2843
What are the prime factors of 1687331?
1687331
List the prime factors of 10333227.
3, 457, 7537
List the prime factors of 587396.
2, 146849
List the prime factors of 1217210.
2, 5, 121721
List the prime factors of 569864.
2, 71233
What are the prime factors of 123938?
2, 31, 1999
What are the prime factors of 69484?
2, 29, 599
List the prime factors of 277669.
7, 39667
What are the prime factors of 1184641?
829, 1429
List the prime factors of 4558034.
2, 13, 175309
List the prime factors of 181806.
2, 3, 157, 193
List the prime factors of 2125836.
2, 3, 59051
What are the prime factors of 3411358?
2, 1705679
What are the prime factors of 92686?
2, 11, 383
List the prime factors of 206381.
7, 29483
What are the prime factors of 6343584?
2, 3, 13, 17, 23
What are the prime factors of 17909966?
2, 61, 73, 2011
List the prime factors of 283090.
2, 5, 28309
List the prime factors of 531224.
2, 66403
What are the prime factors of 474786?
2, 3, 13, 2029
What are the prime factors of 5314307?
59, 90073
What are the prime factors of 5173581?
3, 7, 246361
What are the prime factors of 3236999?
571, 5669
List the prime factors of 285622.
2, 142811
List the prime factors of 117943.
7, 29, 83
What are the prime factors of 444708?
2, 3, 11, 1123
What are the prime factors of 746545?
5, 149309
List the prime factors of 161598.
2, 3, 23, 1171
List the prime factors of 7756154.
2, 7, 554011
List the prime factors of 34294.
2, 13, 1319
List the prime factors of 203820.
2, 3, 5, 43, 79
List the prime factors of 183661.
183661
What are the prime factors of 97227?
3, 13, 277
What are the prime factors of 6637988?
2, 7, 237071
What are the prime factors of 1270639?
1270639
List the prime factors of 76701.
3, 37, 691
List the prime factors of 11348449.
7, 31, 241
What are the prime factors of 124046?
2, 13, 367
List the prime factors of 517673.
13, 39821
What are the prime factors of 17865416?
2, 67, 33331
What are the prime factors of 5950493?
17, 350029
What are the prime factors of 588694?
2, 294347
What are the prime factors of 519311?
13, 43, 929
List the prime factors of 211122.
2, 3, 37, 317
What are the prime factors of 1766712?
2, 3, 73613
List the prime factors of 203994.
2, 3, 7, 1619
What are the prime factors of 942877?
13, 29, 41, 61
List the prime factors of 264275.
5, 11, 31
What are the prime factors of 2429491?
233, 10427
What are the prime factors of 5643123?
3, 1881041
List the prime factors of 222242.
2, 111121
What are the prime factors of 436121?
7, 62303
What are the prime factors of 143734?
2, 71867
What are the prime factors of 31780?
2, 5, 7, 227
What are the prime factors of 8514056?
2, 1064257
What are the prime factors of 131535?
3, 5, 37, 79
What are the prime factors of 494676?
2, 3, 7, 13, 151
What are the prime factors of 2953503?
3, 7, 5209
List the prime factors of 174878.
2, 11, 7949
List the prime factors of 1922378.
2, 961189
What are the prime factors of 140110?
2, 5, 14011
What are the prime factors of 9136171?
11, 830561
List the prime factors of 129779.
13, 67, 149
What are the prime factors of 549385?
5, 19, 5783
List the prime factors of 1972957.
7, 29, 9719
What are the prime factors of 563632?
2, 35227
List the prime factors of 105493.
31, 41, 83
What are the prime factors of 463266?
2, 3, 23, 373
List the prime factors of 3600283.
3600283
List the prime factors of 346943.
346943
What are the prime factors of 10826028?
2, 3, 59, 1699
What are the prime factors of 200084?
2, 50021
List the prime factors of 1111898.
2, 523, 1063
What are the prime factors of 92407?
7, 43, 307
List the prime factors of 100694.
2, 11, 23, 199
What are the prime factors of 60588?
2, 3, 11, 17
List the prime factors of 1036286.
2, 17, 29, 1051
List the prime factors of 725103.
3, 80567
What are the prime factors of 1892554?
2, 127, 7451
What are the prime factors of 648540?
2, 3, 5, 1201
List the prime factors of 194933.
194933
List the prime factors of 17389825.
5, 695593
What are the prime factors of 564092?
2, 141023
What are the prime factors of 5207813?
13, 400601
List the prime factors of 8342061.
3, 7, 13, 30557
What are the prime factors of 13399226?
2, 6699613
What are the prime factors of 1291159?
1291159
List the prime factors of 6773181.
3, 179, 12613
What are the prime factors of 2122720?
2, 5, 13267
What are the prime factors of 3524036?
2, 881009
What are the prime factors of 2505080?
2, 5, 62627
What are the prime factors of 26016279?
3, 2161, 4013
What are the prime factors of 11764902?
2, 3, 827, 2371
What are the prime factors of 9024226?
2, 37, 121949
What are the prime factors of 3810569?
7, 544367
What are the prime factors of 721245?
3, 5, 7, 6869
List the prime factors of 532299.
3, 177433
List the prime factors of 4093285.
5, 7, 107, 1093
List the prime factors of 2444105.
5, 488821
What are the prime factors of 104857?
23, 47, 97
What are the prime factors of 2159669?
2159669
What are the prime factors of 11789846?
2, 23, 256301
What are the prime factors of 4915002?
2, 3, 819167
What are the prime factors of 1916949?
3, 139, 4597
List the prime factors of 918160.
2, 5, 23, 499
What are the prime factors of 281903?
19, 37, 401
What are the prime factors of 5394276?
2, 3, 16649
What are the prime factors of 1469852?
2, 419, 877
What are the prime factors of 2394888?
2, 3, 99787
What are the prime factors of 1591378?
2, 53, 15013
What are the prime factors of 1973872?
2, 19, 43, 151
What are the prime factors of 9060280?
2, 5, 83, 2729
What are the prime factors of 469361?
23, 20407
What are the prime factors of 240370?
2, 5, 13, 43
List the prime factors of 6633746.
2, 7, 473839
List the prime factors of 18741849.
3, 7, 23, 38803
List the prime factors of 6320315.
5, 1264063
What are the prime factors of 603389?
603389
What are the prime factors of 722997?
3, 11, 67, 109
List the prime factors of 175125.
3, 5, 467
What are the prime factors of 2709615?
3, 5, 29, 6229
What are the prime factors of 351023?
351023
List the prime factors of 122524.
2, 30631
List the prime factors of 747843.
3, 71, 3511
What are the prime factors of 645875?
5, 5167
What are the prime factors of 21857054?
2, 83, 353, 373
What are the prime factors of 389568?
2, 3, 2029
What are the prime factors of 93002?
2, 7, 13, 73
List the prime factors of 555619.
191, 2909
List the prime factors of 98415.
3, 5
What are the prime factors of 5702362?
2, 41, 197, 353
What are the prime factors of 20808822?
2, 3, 71, 48847
What are the prime factors of 3735318?
2, 3, 617, 1009
What are the prime factors of 10353825?
3, 5, 5113
What are the prime factors of 458766?
2, 3, 7, 11, 331
List the prime factors of 5907596.
2, 23, 157, 409
List the prime factors of 4677373.
31, 150883
List the prime factors of 5782457.
47, 123031
List the prime factors of 1893028.
2, 473257
List the prime factors of 14074710.
2, 3, 5, 13, 151, 239
List the prime factors of 2435686.
2, 11, 19, 5827
List the prime factors of 190003.
11, 23, 751
What are the prime factors of 4642511?
1181, 3931
List the prime factors of 2594459.
7, 97, 3821
List the prime factors of 110178.
2, 3, 6121
What are the prime factors of 34099296?
2, 3, 7, 11, 659
List the prime factors of 148505.
5, 7, 4243
List the prime factors of 1342947.
3, 23, 19463
List the prime factors of 13579918.
2, 11, 617269
What are the prime factors of 146804?
2, 7, 107
List the prime factors of 91140.
2, 3, 5, 7, 31
List the prime factors of 571630.
2, 5, 57163
Lis